51 divide 234780820?
False
Does 1857 divide 92878497?
False
Is 12 a factor of 1447045059?
False
Is 24 a factor of 137553?
False
Is 11442073 a multiple of 54?
False
Is 358 a factor of 71986998?
True
Is 92 a factor of 1668762213?
False
Does 12 divide 2372547026?
False
Is 3145 a factor of 1549327640?
True
Is 2243 a factor of 3620290810?
False
Does 213 divide 75138732?
True
Is 83 a factor of 7813244?
False
Is 11 a factor of 783589114?
True
Is 234 a factor of 82537285?
False
Does 451 divide 10867747?
True
Is 483 a factor of 1052658792?
False
Does 32 divide 268226674?
False
Does 47 divide 156599441?
True
Is 242 a factor of 14276383?
False
Is 3855516 a multiple of 3?
True
Is 25390386 a multiple of 77?
False
Is 4819607 a multiple of 3?
False
Is 124901367 a multiple of 1018?
False
Is 9518026 a multiple of 23?
False
Is 17065 a factor of 5123395239?
False
Is 765620142 a multiple of 8158?
True
Is 246550949 a multiple of 669?
False
Does 141 divide 168374155?
False
Does 19 divide 65013374?
False
Is 658883369 a multiple of 897?
False
Does 13 divide 32216711?
False
Does 268 divide 278315588?
True
Is 27 a factor of 116505351?
True
Is 58034656 a multiple of 63?
False
Is 1637754818 a multiple of 92?
False
Is 26 a factor of 18448482?
True
Is 4325 a factor of 163117375?
True
Does 34 divide 4287229218?
True
Is 24 a factor of 9980280?
True
Does 16 divide 158918393?
False
Does 558 divide 869680589?
False
Is 39723018 a multiple of 19?
False
Is 24599490 a multiple of 190?
True
Is 332 a factor of 1981911516?
True
Does 808 divide 37693200?
True
Is 301 a factor of 22176454?
False
Is 10 a factor of 5059365?
False
Is 65 a factor of 68531393?
False
Is 283873358 a multiple of 9?
False
Does 1265 divide 368150420?
True
Is 1029 a factor of 46272072?
True
Is 18 a factor of 28314504?
True
Does 6 divide 409641950?
False
Is 337877663 a multiple of 15?
False
Is 916754750 a multiple of 475?
True
Does 12 divide 2105199180?
True
Is 7 a factor of 59440234?
True
Does 5 divide 380803340?
True
Is 59 a factor of 100291386?
True
Does 591 divide 258657651?
True
Does 23 divide 423095327?
True
Is 10189408 a multiple of 891?
False
Does 15 divide 54501520?
False
Does 1978 divide 120889122?
False
Does 95 divide 232063815?
True
Does 26 divide 30146062?
False
Is 120 a factor of 50521459?
False
Does 201 divide 412527777?
True
Does 1355 divide 55197380?
False
Is 5465 a factor of 4994359665?
True
Does 29 divide 1173477810?
False
Does 164 divide 904696324?
True
Is 591599869 a multiple of 281?
False
Is 257834400 a multiple of 2027?
True
Is 865 a factor of 224945845?
True
Is 2238449134 a multiple of 8089?
False
Is 927397008 a multiple of 6?
True
Does 28 divide 324058840?
True
Is 19632176 a multiple of 10?
False
Is 788 a factor of 22882563?
False
Is 397 a factor of 3722667913?
False
Does 3 divide 86864046?
True
Is 4660415760 a multiple of 8008?
True
Does 10 divide 501404920?
True
Is 25 a factor of 123703343?
False
Is 7 a factor of 79559924?
False
Does 13 divide 13853214?
False
Does 16 divide 89337054?
False
Does 2438 divide 296431544?
True
Is 26393483 a multiple of 3012?
False
Does 400 divide 52243600?
True
Is 229 a factor of 442145988?
False
Is 167903448 a multiple of 951?
False
Does 1062 divide 279269892?
True
Does 84 divide 4374384?
True
Does 157 divide 10383195?
True
Does 28 divide 80517647?
False
Is 35 a factor of 68650184?
False
Does 76 divide 16456204?
True
Does 297 divide 10584189?
True
Is 3 a factor of 4588374?
True
Is 469 a factor of 100579864?
True
Is 1693 a factor of 89918624?
False
Does 7 divide 2755066006?
True
Is 453 a factor of 2289626404?
False
Is 18 a factor of 3378444?
False
Is 1926 a factor of 62105403?
False
Is 9784303 a multiple of 14?
False
Is 65919710 a multiple of 34?
True
Is 733795255 a multiple of 3089?
False
Does 5523 divide 1171737588?
True
Does 12 divide 239865684?
True
Is 14 a factor of 29563414?
False
Is 331 a factor of 5731265?
True
Is 54 a factor of 1096420590?
True
Is 65 a factor of 272332385?
True
Is 21 a factor of 8557668?
True
Is 387663260 a multiple of 20?
True
Is 3 a factor of 2844207?
True
Does 43 divide 197320163?
True
Is 1415 a factor of 13993605?
False
Is 44 a factor of 14285961?
False
Is 400538204 a multiple of 11?
True
Is 317 a factor of 336298643?
True
Is 32644761 a multiple of 421?
True
Is 1825364 a multiple of 81?
False
Is 300213193 a multiple of 166?
False
Is 1365 a factor of 270415575?
False
Does 502 divide 122827970?
False
Is 46393185 a multiple of 145?
True
Is 7 a factor of 8086933?
False
Is 159 a factor of 16299385?
False
Does 167 divide 10770665?
True
Is 1693021534 a multiple of 2195?
False
Is 762115830 a multiple of 35?
True
Is 23144600 a multiple of 248?
True
Is 1333420 a multiple of 95?
True
Is 328329252 a multiple of 1548?
True
Is 441 a factor of 11626083?
True
Is 1316177137 a multiple of 360?
False
Is 1306110029 a multiple of 23?
False
Does 33 divide 1057914?
True
Is 21976959 a multiple of 756?
False
Does 1079 divide 91325481?
True
Is 3520137198 a multiple of 201?
False
Is 30 a factor of 34289098?
False
Does 27 divide 253387980?
True
Does 313 divide 430990984?
True
Is 280 a factor of 27157385?
False
Is 378225 a multiple of 1681?
True
Is 38 a factor of 51358709?
False
Is 85 a factor of 89457828?
False
Is 602 a factor of 94589852?
True
Is 22325646 a multiple of 30?
False
Is 103 a factor of 29105257?
False
Is 4665 a factor of 3409100390?
False
Is 162 a factor of 9974502?
True
Is 7124557 a multiple of 42?
False
Is 203187619 a multiple of 2321?
False
Does 280 divide 338782149?
False
Is 332 a factor of 730457104?
True
Is 2703 a factor of 189766818?
True
Is 569311300 a multiple of 17?
True
Is 3 a factor of 133981701?
True
Does 10 divide 137297875?
False
Is 1365 a factor of 1324961370?
False
Is 1099294944 a multiple of 11?
True
Is 22 a factor of 293817531?
False
Is 3170 a factor of 57430890?
True
Does 1344 divide 2371829376?
True
Is 792 a factor of 95773392?
True
Does 49 divide 20313587?
True
Is 1852 a factor of 269743800?
True
Is 5 a factor of 4024110?
True
Is 102 a factor of 1495206991?
False
Is 2926246 a multiple of 8?
False
Does 6 divide 34908491?
False
Is 38537901 a multiple of 61?
False
Does 21 divide 168289107?
True
Is 370 a factor of 39833853?
False
Is 143 a factor of 98926256?
True
Is 9 a factor of 1455492?
False
Does 123 divide 6775277?
False
Is 182 a factor of 61232626?
True
Does 11 divide 75918722?
True
Is 1480 a factor of 150291939?
False
Does 58 divide 4791707881?
False
Is 1853 a factor of 2684906203?
True
Is 31787292 a multiple of 4?
True
Is 432332603 a multiple of 11?
False
Is 2366 a factor of 1783616198?
True
Does 38 divide 19942590?
True
Is 4427155 a multiple of 115?
True
Does 1311 divide 959695263?
True
Is 7381542 a multiple of 2?
True
Is 29 a factor of 17779619?
False
Is 360874836 a multiple of 1692?
True
Is 63 a factor of 473641875?
True
Is 9 a factor of 3222114?
False
Does 85 divide 87233482?
False
Is 33006725 a multiple of 5?
True
Is 42385440 a multiple of 183?
False
Does 9 divide 316820547?
True
Is 205 a factor of 24302340?
True
Does 550 divide 409171835?
False
Does 9 divide 26357304?
False
Is 707 a factor of 188079166?
False
Does 76 divide 184028528?
True
Is 71967312 a multiple of 144?
True
Is 366 a factor of 724532136?
True
Is 6 a factor of 3507329?
False
Does 29 divide 24815557?
False
Is 5962222 a multiple of 12?
False
Is 631 a factor of 17032799?
False
Is 396 a factor of 64615320?
True
Is 174359340 a multiple of 9?
True
Is 3 a factor of 267865104?
True
Is 139826224 a multiple of 31?
False
Is 63 a factor of 31382822?
False
Is 17605888 a multiple of 8?
True
Is 465 a factor of 637099704?
False
Is 237067064 a multiple of 26?
True
Does 25 divide 444396550?
True
Does 2944 divide 120714561?
False
Is 7 a factor of 535946024?
False
Is 263192892 a multiple of 3?
True
Is 76900131 a multiple of 189?
True
Is 30035086 a multiple of 38?
True
Is 33721460 a multiple of 86?
True
Does 67 divide 94371644?
True
Does 37 divide 62167?
False
Is 95 a factor of 12171163?
False
Is 14 a factor of 188491058?
True
Is 515536837 a multiple of 69?
False
Does 145 divide 45526230?
True
Is 4659887 a multiple of 17?
True
Is 69 a factor of 23348496?
True
Does 127 divide 35076511?
True
Does 49 divide 7905937?
False
Is 469157679 a multiple of 64?
False
Is 12 a fa